ime?
True
Is 248747/205 + 3/5 a prime number?
False
Is ((-2)/4)/(10/(-75740)*7) a prime number?
True
Suppose 7*w - 3124 = 985. Is w a prime number?
True
Let z = -13 + 17. Suppose 109 = -t + z*t + 4*b, 5*b + 205 = 5*t. Let r = 92 + t. Is r composite?
False
Let t = -1007 - -1702. Suppose 288 - t = -c. Is c prime?
False
Suppose -12*y - 132453 = -427809. Is y a composite number?
True
Let i be (-2)/5 - (-42)/105. Suppose i = 5*b - b - 8. Suppose 9 = f + 3*h - b, -5*f + 5*h + 135 = 0. Is f prime?
True
Suppose -d - 39 = 2*y - 7*y, -y + 19 = -3*d. Suppose 0 = 5*q - 3*v - 8 - y, -v - 5 = -5*q. Suppose 0 = -q*s - 4*s + 52. Is s prime?
True
Suppose 2*i = 5795 + 6979. Is i composite?
True
Suppose -4*p = 3*x - 2970, 4*x + 2*p - 3512 = 448. Let j = 0 + 1. Suppose 2*r - x = -4*h, 2*h + j = -3. Is r composite?
False
Let v(t) = -9*t**3 + t**2 + 7*t + 28. Is v(-3) composite?
True
Suppose -122051 - 99809 = -4*i. Is i prime?
False
Let t(j) = 4*j**2 + 3*j - 53. Is t(-8) composite?
False
Is (-59 - -58)*28282/(-2) composite?
True
Suppose -5*f = -i + 1126, 0 = -3*i + 6*f - 10*f + 3473. Is i a composite number?
False
Suppose -2*y = -6*y. Is 634/4*(y + 2) composite?
False
Let z(m) = -45*m**2 - 11*m**2 - 7*m - 9 + 78*m**2. Is z(-4) composite?
True
Let h(s) = 164*s**3 - 2*s**2 + 1. Is h(3) composite?
True
Let m(b) be the first derivative of -b**5/20 - 7*b**4/12 + 2*b**3/3 + 3*b**2/2 + b - 1. Let v(z) be the first derivative of m(z). Is v(-8) prime?
False
Let c(b) be the third derivative of 11*b**7/2520 - b**6/144 + 19*b**5/120 - 3*b**4/8 + 10*b**2. Let y(h) be the second derivative of c(h). Is y(-9) prime?
False
Let f be (-36)/8*(-2)/3. Let c(y) = -y**3 - 6*y - 2*y**3 - 10 - f*y**3 + 5*y**3 - 4*y**2. Is c(-4) composite?
True
Let m be 4 + 2897/2 - 6/(-4). Let i = -393 + m. Is i prime?
True
Suppose 0 = -2*k + p - 1 - 4, 5*k + 3*p + 7 = 0. Let q(c) = -c**2 - 3*c + 1. Let x be q(k). Suppose -3*f = 5*g - 2*f - 2813, 6 = -x*f. Is g composite?
False
Suppose 0 = d, -3*w + 9*d = 4*d - 12. Suppose -3*s + 1115 = w*v, 2*v = 3*v + 1. Is s prime?
True
Let h(m) = -m**3 + 13*m**2 - 11*m - 14. Let p be h(12). Is 3/p*(-7962)/9 composite?
False
Suppose -2*x - 37 - 83 = 0. Is x/(-21)*7/2 prime?
False
Let x = 68 + -22. Let h = -31 + x. Is (h/(-9))/((-2)/822) a composite number?
True
Let t(q) = 4*q**2 - 2*q - 3. Let h(v) = -17*v**2 + 8*v + 13. Let r(y) = -2*h(y) - 9*t(y). Let j be r(-1). Is 1013/4 + j/12 composite?
True
Let c = -22 - -26. Suppose c*h - 2861 - 1060 = -5*x, 0 = -3*h + 2*x + 2912. Is h a composite number?
True
Let s = 248 + 41. Let t = s - 158. Is t composite?
False
Is ((-2)/(-7))/((-12)/21)*-2938 composite?
True
Let l = 107054 + -50181. Is l prime?
True
Suppose -4*i = 8, -8 = -3*v - i - i. Suppose -5*t - v*l = 10, -2*l - 5 = 2*t + 1. Suppose t*c - 377 = 213. Is c a composite number?
True
Let b be (-4)/18 + (-87)/(-27). Suppose 2*v + 2*n = -v + 3, 4*v = -b*n + 3. Suppose v*u - 75 = -2*u. Is u a composite number?
True
Let m(i) = 21 - 20*i + 44*i - 21*i + 2*i**2. Is m(-10) composite?
False
Let f = 6 - 9. Let s = f + 5. Suppose 0 = -s*m - m + 573. Is m prime?
True
Let b = 402 - -5843. Is b prime?
False
Let a(r) = r**2 - r - 1. Let u be a(-2). Suppose u*q + 15 = 0, -757 = -0*n - 4*n + 3*q. Is n composite?
True
Suppose -k - 3 = -6. Suppose j - k*j + 2*q = -2932, -4*j = 5*q - 5909. Is j a composite number?
False
Let f(k) = -3*k - 543. Let i be f(0). Let v = -166 - i. Is v a composite number?
True
Let d(a) be the first derivative of 133*a**2/2 + 35*a - 24. Is d(8) composite?
True
Let q be (-14)/35 - (-24)/10. Is q/4*(2 + 672) prime?
True
Let z be 6/2 - (9/3)/3. Let c(y) = 185*y + 9. Is c(z) a composite number?
False
Let x = 53 + -51. Is 1077 - 3 - -2*(-1)/x prime?
False
Suppose -29877 = -5*m - 3*u - 1037, -5*m + 5*u + 28880 = 0. Is m prime?
False
Suppose 4*c - 3912 = i, -2*i - 8 = -4*i. Is c prime?
False
Let f(g) = g**3 + 12*g**2 + 12*g + 15. Let l be f(-11). Suppose l*u + 3*h = 2450, -4*u + 4*h = -1940 - 496. Is u a prime number?
False
Let c(y) = 122*y**3 - 6*y**2 + 6*y + 1. Is c(3) prime?
True
Let p = 7337 + -1414. Is p prime?
True
Suppose -31 = 3*k + 2*c, 5*c - 4*c - 34 = 4*k. Let l = -5 - k. Suppose 3*r + 82 + 17 = 3*b, 66 = 2*b + l*r. Is b a composite number?
True
Suppose t = -4*t + 5*c - 5, 5*t = -3*c + 19. Is -1*(t - 109)*2 a prime number?
False
Suppose -4*q = 5*u - 21, 4*u - q + 5*q - 20 = 0. Let o(c) = 852*c**3 - 2*c + 1. Is o(u) a prime number?
False
Let q(y) = y - 11. Let n be q(13). Suppose -n*o = -o + 4*s - 329, -3*s + 643 = 2*o. Let f = 496 - o. Is f a composite number?
False
Let q = 1243 + -2171. Let k = 1479 + q. Is k composite?
True
Let i(d) = -d**2 + 20*d - 14. Let n be i(19). Suppose -3*o + 5*t + 3016 = -o, 7555 = 5*o - n*t. Is o a prime number?
False
Let u(d) = d**2 - 7. Let a be u(3). Suppose a*g + 2*g - 532 = 0. Let c = g + 16. Is c composite?
False
Let x = -31 + 42. Let y = x + 156. Is y a prime number?
True
Let f(s) = -330*s - 26. Suppose -6*w - 29 - 31 = 0. Is f(w) prime?
False
Suppose 4*z - 64104 = -4*z. Let r = z - 4556. Is r composite?
False
Let s(q) be the second derivative of q**7/840 + q**6/36 - 7*q**5/60 - 5*q**4/12 + q**3/2 - 2*q. Let a(w) be the second derivative of s(w). Is a(-11) prime?
True
Let l(f) = 35*f + 10. Let h(n) = -n**2 - 8*n - 10. Let j be h(-6). Suppose 2*i - 3*d = 19, -3*i - j*i - d = -22. Is l(i) a composite number?
True
Suppose -4*p + 12374 = 2*y, -2*p - 8 = -4*p. Suppose 4681 + y = 3*q - 3*g, 5*q = 4*g + 18102. Is q prime?
False
Let c be 2180 + 2/(3 + -5). Let m = c - 1494. Is m a composite number?
True
Suppose -5*a = a - 3600. Let l = a - -131. Is l composite?
True
Suppose 3*t - 54564 = -9*t. Is t a prime number?
True
Let t(w) = -w**3 - w**2 + w + 251. Suppose -v - 8 = 3*c, 0*v + 9 = -4*c - v. Let j = c - -1. Is t(j) a composite number?
False
Suppose x - 31 = -0*u + 3*u, -5*x + 115 = -5*u. Is x composite?
False
Suppose 17263 - 1712 = t. Is t prime?
True
Let u = -8 + 14. Suppose 2*f + 4*n = -f - 5231, -3*f + 5*n - 5267 = 0. Is (-4)/8 - f/u a composite number?
True
Let c(s) = 2866*s - 7. Let r be c(12). Suppose 0 = -18*b - 2723 + r. Is b prime?
True
Let w(f) = 21*f**2 + f - 9. Let b = 6 + -2. Is w(b) a composite number?
False
Suppose 5*x + 2*z = 5*z + 29, -3*z - 1 = 2*x. Suppose x*l + 3222 = 10*l. Is l a composite number?
True
Suppose 0*n = -3*n + 2*x - 131, 0 = -4*n - x - 171. Let v = n + 117. Is v prime?
False
Suppose 0 = -3*b + 15, 0*g - 63390 = -2*g - 4*b. Let s be (-2)/(2 + (-63360)/g). Is s/(-5) - (-12)/(-30) composite?
True
Suppose 0 = -26*t + 22*t - 2*k + 107738, 2*t = 3*k + 53873. Is t a prime number?
False
Let q = 35 + -35. Suppose 5*v - 3411 = u, 3*v = -q*v + 2*u + 2041. Is v composite?
False
Let o(v) = 114*v + 43. Is o(4) a composite number?
False
Let c(q) = 14*q**2 - 53*q + 34. Is c(-31) prime?
True
Suppose -c + 3 = -0*s - s, 0 = 4*c - 20. Let f be 4/(-6) + 932/3. Suppose 0*v + s*v = f. Is v composite?
True
Suppose 3*g = -2*o - 5572 + 40551, 5*g - 58295 = -4*o. Is g a composite number?
True
Let u(g) be the third derivative of g**7/280 - g**5/60 + g**4/12 - 5*g**2. Let h(o) be the second derivative of u(o). Is h(2) prime?
False
Is (-593)/(-1)*(55 + -50) prime?
False
Let u(r) = -83*r - 29. Let f(a) = -83*a - 30. Let b(l) = 5*f(l) - 4*u(l). Is b(-19) a composite number?
False
Suppose -3*i - 31*i = -2632178. Is i a prime number?
True
Let p be (-1)/(((-4)/(-40))/1). Is 2/p - (-9710)/50 a composite number?
True
Let l(y) = -y**3 + y**2 - 22*y - 10. Let d be l(-15). Let r = d + -811. Is r a prime number?
True
Let q(k) = k**3 - 6*k**2 + 3*k + 15. Let g be q(5). Suppose -3*t + t + g*j = -848, 2*j = t - 423. Is t composite?
False
Is 185141 - (-6 + (-6 - -4)) composite?
False
Let h be (-8)/(-60) + 129/45. Let l be ((-15)/h)/((-2)/8). Let u = l - -23. Is u prime?
True
Is 2 - ((-380)/5 + -7) prime?
False
Let t = -18 + 22. Suppose -4*h - 16 = 0, 7*h - 981 = -3*k + t*h. Is k prime?
True
Let k(c) = -c**2 + 4*c + 8. Let w be k(6). Let t be w/6 - 10/(-15). Suppose t = -h - q + 3*q + 83, 2*q - 233 = -3*h. Is h composite?
False
Let d(x) = -x**2 - x - 1. Let j(l) = -37*l**3 - 6*l**2 - 6*l - 6. Let u(o) = -6*d(o) + j(o). Is u(-1) a composite number?
False
Suppose 8*n - 2478 = -446. Is n composite?
True
Suppose 300 = 6*l - l. Suppose -3*j - 